{"id":69,"date":"2014-05-17T20:40:36","date_gmt":"2014-05-17T18:40:36","guid":{"rendered":"http:\/\/astropeiler.webandrec.de\/european-conference-amateur-radio-astronomy-2014"},"modified":"2023-10-04T10:56:51","modified_gmt":"2023-10-04T08:56:51","slug":"eucara-2014","status":"publish","type":"page","link":"https:\/\/www.astropeiler.de\/en\/eucara\/eucara-2014\/","title":{"rendered":"European Conference on Amateur Radio Astronomy 2014"},"content":{"rendered":"<section class=\"l-section wpb_row height_custom\"><div class=\"l-section-h i-cf\"><div class=\"g-cols vc_row via_flex valign_top type_default stacking_default\"><div class=\"vc_col-sm-8 wpb_column vc_column_container\"><div class=\"vc_column-inner\"><div class=\"wpb_wrapper\"><div class=\"wpb_text_column us_custom_432d3f53\"><div class=\"wpb_wrapper\"><h6>European Conference on Amateur Radio Astronomy (EUCARA 2014)<\/h6>\n<p>Am 6. und 7. September 2014 fand erstmalig die vom Astropeiler Stockert initiierte Konferenz f\u00fcr Amateur-Radioastronomen statt.<strong><br \/>\n<\/strong><\/p>\n<p>Wir konnten 25 Teilnehmer aus sechs europ\u00e4ischen L\u00e4ndern begr\u00fc\u00dfen, die in 12 Vortr\u00e4gen \u00fcber ihre Arbeiten berichteten.<\/p>\n<p>Die Vortr\u00e4ge wurden nat\u00fcrlich auch von zahlreichen Vereinsmitgliedern besucht, so dass unser Vortragsraum schon fast an die Kapazit\u00e4tsgrenze kam. Die seltene Gelegenheit, so viele Kollegen zu treffen, wurde zu intensiven Fachgespr\u00e4chen genutzt. Hier wurden Erfahrungen ausgetauscht und viele Anregungen f\u00fcr die weitere Arbeit mitgenommen.<\/p>\n<\/div><\/div><\/div><\/div><\/div><div class=\"vc_col-sm-4 wpb_column vc_column_container\"><div class=\"vc_column-inner\"><div class=\"wpb_wrapper\"><div class=\"w-image align_none meta_simple\"><a ref=\"magnificPopup\" href=\"https:\/\/www.astropeiler.de\/wp-content\/uploads\/2014\/05\/Group.jpg\" aria-label=\"EUCARA-Teilnehmer 2014\" class=\"w-image-h\"><img decoding=\"async\" src=\"https:\/\/www.astropeiler.de\/wp-content\/uploads\/2014\/05\/Group.jpg\" class=\"attachment-full size-full\" alt=\"Teilnehmer Eucara\" loading=\"lazy\" \/><\/a><div class=\"w-image-meta\"><div class=\"w-image-title\">EUCARA-Teilnehmer 2014<\/div><\/div><\/div><\/div><\/div><\/div><\/div><\/div><\/section><section class=\"l-section wpb_row height_custom\"><div class=\"l-section-h i-cf\"><div class=\"g-cols vc_row via_flex valign_top type_default stacking_default\"><div class=\"vc_col-sm-8 wpb_column vc_column_container\"><div class=\"vc_column-inner\"><div class=\"wpb_wrapper\"><div class=\"wpb_text_column us_custom_432d3f53\"><div class=\"wpb_wrapper\"><p>Ein besonderer H\u00f6hepunkt war der Vortrag von Frau Priv. Doz. Dr. Silke Britzen vom <a href=\"https:\/\/www.mpifr-bonn.mpg.de\/\" class=\"external external_icon\" rel=\"nofollow\" target=\"_blank\">Max-Planck-Institut f\u00fcr Radioastronomie (MPIfR)<\/a>, welche die Zuh\u00f6rer mit Ausf\u00fchrungen \u00fcber schwarze L\u00f6cher in ihren Bann zog:<\/p>\n<p>Die Konferenz schloss mit einem Besuch und der Besichtigung des Radioteleskops Effelsberg.<\/p>\n<p>Der Erfolg der Konferenz f\u00fchrte zu dem Beschluss, zuk\u00fcnftig eine solche Konferenz alle zwei Jahre stattfinden zu lassen. Hier werden sich der Astropeiler Stockert e.V. und die Betreiber des <a href=\"https:\/\/www.camras.nl\/\" target=\"_blank\" rel=\"noopener nofollow\" class=\"external external_icon\">Radioteleskops in Dwingeloo<\/a> als Gastgeber abwechseln.\u00a0 Der Astropeiler und Dwingeloo sind mit 25 Metern Spiegel-Durchmesser die beiden weltweit gr\u00f6\u00dften Radioteleskope, die ehrenamtlich betrieben werden.<\/p>\n<p><strong>Wir freuen uns auf ein Wiedersehen zur <a href=\"https:\/\/www.eucara.nl\/\" target=\"_blank\" rel=\"noopener nofollow\" class=\"external external_icon\">EUCARA 2016<\/a> !<\/strong><\/p>\n<\/div><\/div><\/div><\/div><\/div><div class=\"vc_col-sm-4 wpb_column vc_column_container\"><div class=\"vc_column-inner\"><div class=\"wpb_wrapper\"><div class=\"w-image align_none meta_simple\"><a ref=\"magnificPopup\" href=\"https:\/\/www.astropeiler.de\/wp-content\/uploads\/2014\/11\/EUCARAVortrag.jpeg\" aria-label=\"EUCARAVortrag\" class=\"w-image-h\"><img decoding=\"async\" src=\"https:\/\/www.astropeiler.de\/wp-content\/uploads\/2014\/11\/EUCARAVortrag.jpeg\" class=\"attachment-full size-full\" alt=\"Vortragsbild EUCARA\" loading=\"lazy\" \/><\/a><div class=\"w-image-meta\"><div class=\"w-image-title\">EUCARAVortrag<\/div><\/div><\/div><\/div><\/div><\/div><\/div><\/div><\/section>\n","protected":false},"excerpt":{"rendered":"European Conference on Amateur Radio Astronomy (EUCARA 2014) Am 6. und 7. September 2014 fand erstmalig die vom Astropeiler Stockert initiierte Konferenz f\u00fcr Amateur-Radioastronomen statt. Wir konnten 25 Teilnehmer aus sechs europ\u00e4ischen L\u00e4ndern begr\u00fc\u00dfen, die in 12 Vortr\u00e4gen \u00fcber ihre Arbeiten berichteten. Die Vortr\u00e4ge wurden nat\u00fcrlich auch von zahlreichen Vereinsmitgliedern besucht, so dass unser Vortragsraum...","protected":false},"author":1,"featured_media":67,"parent":2101,"menu_order":64,"comment_status":"closed","ping_status":"closed","template":"","meta":{"h5ap_radio_sources":[],"footnotes":""},"class_list":["post-69","page","type-page","status-publish","has-post-thumbnail","hentry"],"_links":{"self":[{"href":"https:\/\/www.astropeiler.de\/en\/wp-json\/wp\/v2\/pages\/69","targetHints":{"allow":["GET"]}}],"collection":[{"href":"https:\/\/www.astropeiler.de\/en\/wp-json\/wp\/v2\/pages"}],"about":[{"href":"https:\/\/www.astropeiler.de\/en\/wp-json\/wp\/v2\/types\/page"}],"author":[{"embeddable":true,"href":"https:\/\/www.astropeiler.de\/en\/wp-json\/wp\/v2\/users\/1"}],"replies":[{"embeddable":true,"href":"https:\/\/www.astropeiler.de\/en\/wp-json\/wp\/v2\/comments?post=69"}],"version-history":[{"count":13,"href":"https:\/\/www.astropeiler.de\/en\/wp-json\/wp\/v2\/pages\/69\/revisions"}],"predecessor-version":[{"id":2779,"href":"https:\/\/www.astropeiler.de\/en\/wp-json\/wp\/v2\/pages\/69\/revisions\/2779"}],"up":[{"embeddable":true,"href":"https:\/\/www.astropeiler.de\/en\/wp-json\/wp\/v2\/pages\/2101"}],"wp:featuredmedia":[{"embeddable":true,"href":"https:\/\/www.astropeiler.de\/en\/wp-json\/wp\/v2\/media\/67"}],"wp:attachment":[{"href":"https:\/\/www.astropeiler.de\/en\/wp-json\/wp\/v2\/media?parent=69"}],"curies":[{"name":"wp","href":"https:\/\/api.w.org\/{rel}","templated":true}]}}

<section class="l-section wpb_row height_custom"><div class="l-section-h i-cf"><div class="g-cols vc_row via_flex valign_top type_default stacking_default"><div class="vc_col-sm-8 wpb_column vc_column_container"><div class="vc_column-inner"><div class="wpb_wrapper"><div class="wpb_text_column us_custom_432d3f53"><div class="wpb_wrapper"><h6>European Conference on Amateur Radio Astronomy (EUCARA 2014)</h6>
<p>Am 6. und 7. September 2014 fand erstmalig die vom Astropeiler Stockert initiierte Konferenz für Amateur-Radioastronomen statt.<strong><br />
</strong></p>
<p>Wir konnten 25 Teilnehmer aus sechs europäischen Ländern begrüßen, die in 12 Vorträgen über ihre Arbeiten berichteten.</p>
<p>Die Vorträge wurden natürlich auch von zahlreichen Vereinsmitgliedern besucht, so dass unser Vortragsraum schon fast an die Kapazitätsgrenze kam. Die seltene Gelegenheit, so viele Kollegen zu treffen, wurde zu intensiven Fachgesprächen genutzt. Hier wurden Erfahrungen ausgetauscht und viele Anregungen für die weitere Arbeit mitgenommen.</p>
</div></div></div></div></div><div class="vc_col-sm-4 wpb_column vc_column_container"><div class="vc_column-inner"><div class="wpb_wrapper"><div class="w-image align_none meta_simple"><a ref="magnificPopup" href="https://www.astropeiler.de/wp-content/uploads/2014/05/Group.jpg" aria-label="EUCARA-Teilnehmer 2014" class="w-image-h"><img decoding="async" src="https://www.astropeiler.de/wp-content/uploads/2014/05/Group.jpg" class="attachment-full size-full" alt="Teilnehmer Eucara" loading="lazy" /></a><div class="w-image-meta"><div class="w-image-title">EUCARA-Teilnehmer 2014</div></div></div></div></div></div></div></div></section><section class="l-section wpb_row height_custom"><div class="l-section-h i-cf"><div class="g-cols vc_row via_flex valign_top type_default stacking_default"><div class="vc_col-sm-8 wpb_column vc_column_container"><div class="vc_column-inner"><div class="wpb_wrapper"><div class="wpb_text_column us_custom_432d3f53"><div class="wpb_wrapper"><p>Ein besonderer Höhepunkt war der Vortrag von Frau Priv. Doz. Dr. Silke Britzen vom <a href="https://www.mpifr-bonn.mpg.de/" class="external external_icon" rel="nofollow" target="_blank">Max-Planck-Institut für Radioastronomie (MPIfR)</a>, welche die Zuhörer mit Ausführungen über schwarze Löcher in ihren Bann zog:</p>
<p>Die Konferenz schloss mit einem Besuch und der Besichtigung des Radioteleskops Effelsberg.</p>
<p>Der Erfolg der Konferenz führte zu dem Beschluss, zukünftig eine solche Konferenz alle zwei Jahre stattfinden zu lassen. Hier werden sich der Astropeiler Stockert e.V. und die Betreiber des <a href="https://www.camras.nl/" target="_blank" rel="noopener nofollow" class="external external_icon">Radioteleskops in Dwingeloo</a> als Gastgeber abwechseln.  Der Astropeiler und Dwingeloo sind mit 25 Metern Spiegel-Durchmesser die beiden weltweit größten Radioteleskope, die ehrenamtlich betrieben werden.</p>
<p><strong>Wir freuen uns auf ein Wiedersehen zur <a href="https://www.eucara.nl/" target="_blank" rel="noopener nofollow" class="external external_icon">EUCARA 2016</a> !</strong></p>
</div></div></div></div></div><div class="vc_col-sm-4 wpb_column vc_column_container"><div class="vc_column-inner"><div class="wpb_wrapper"><div class="w-image align_none meta_simple"><a ref="magnificPopup" href="https://www.astropeiler.de/wp-content/uploads/2014/11/EUCARAVortrag.jpeg" aria-label="EUCARAVortrag" class="w-image-h"><img decoding="async" src="https://www.astropeiler.de/wp-content/uploads/2014/11/EUCARAVortrag.jpeg" class="attachment-full size-full" alt="Vortragsbild EUCARA" loading="lazy" /></a><div class="w-image-meta"><div class="w-image-title">EUCARAVortrag</div></div></div></div></div></div></div></div></section>

European Conference on Amateur Radio Astronomy (EUCARA 2014) Am 6. und 7. September 2014 fand erstmalig die vom Astropeiler Stockert initiierte Konferenz für Amateur-Radioastronomen statt. Wir konnten 25 Teilnehmer aus sechs europäischen Ländern begrüßen, die in 12 Vorträgen über ihre Arbeiten berichteten. Die Vorträge wurden natürlich auch von zahlreichen Vereinsmitgliedern besucht, so dass unser Vortragsraum...
